. Let t = q - -106. What are the prime factors of t?
2, 5, 19
Suppose 33 = 6*c + 9. Suppose 2*b = -4*r + 2370, -5*r + 2970 = -c*b + 9*b. List the prime factors of r.
3, 197
Let l = 285 - 323. Suppose 0*q + 7*q - 1540 = 0. Let o = q + l. List the prime factors of o.
2, 7, 13
Suppose -7*m = 7368 - 95673. What are the prime factors of m?
3, 5, 29
Let w = 160 - 348. Let k = w - -890. What are the prime factors of k?
2, 3, 13
Suppose 0 = -44*z + 42*z + 12. Suppose 0 = z*n - 3893 + 989. Suppose -4*g = h + 3*h - 980, 2*g + 5*h = n. What are the prime factors of g?
13, 19
Let k be (-3 - -1)*70/(-28). Suppose 2*t + 22 = k*p - 18, -p = -t - 5. Suppose 699 = -p*u + 13*u. What are the prime factors of u?
233
Let j(a) = -a**3 + 33*a**2 + 50*a - 48. Let i be j(34). Let s = i - 168. List the prime factors of s.
2, 41
Suppose 3*j + 77*j = -76*j + 896532. What are the prime factors of j?
7, 821
Let o be 0 - 1013/(-5) - (-207)/(-345). Let y = o - 65. List the prime factors of y.
137
Suppose -5*i = 3*f - 14105, 4*i = 15*f + 5*i - 70501. What are the prime factors of f?
2, 5, 47
What are the prime factors of 15/10*(-7 + 298151/21)?
2, 29, 367
Suppose 2*x - 9*a = -5*a - 10, -5*x = -2*a - 15. Suppose 0 = 5*r - q + 4*q - 8052, x*q = -2*r + 3236. List the prime factors of r.
2, 3, 67
Let l(w) = -11*w**3 - 7*w**2 - 4*w + 418. List the prime factors of l(-17).
2, 3, 2917
Let i = -84 + 46. Let v be 171/i + 3/2. List the prime factors of (-6 - v) + 15*12.
3, 59
Suppose 0 = 25*w + 4234 + 566. Let q be (-1 - 1)/((-2)/(-66)). Let d = q - w. What are the prime factors of d?
2, 3, 7
Let n = 18189 - 16841. List the prime factors of n.
2, 337
List the prime factors of (-291)/4656 - (-83377)/16.
3, 193
Suppose -62 = -6*z + 64. Let y(v) = 2*v**2 + 15*v + 58. List the prime factors of y(z).
5, 251
Let k(j) = -6*j**3 + j**2 + 4*j - 1. Let x be k(3). Let h = 162 - x. List the prime factors of h.
2, 19
Let x(m) = 32*m**2 - 188*m - 25. List the prime factors of x(12).
13, 179
Let v(l) = -4819*l - 412. What are the prime factors of v(-3)?
5, 53
Let t = -133 - -212. Let l = -60 + t. What are the prime factors of l?
19
Suppose 5*a - 4*y - 1739 = -574, 2*y = -5*a + 1135. Let j = -424 + a. Let n = 1 - j. What are the prime factors of n?
2, 7
Let d(i) = 5*i + 15. Let b be d(-3). Suppose b*j - 4*j = -788. List the prime factors of j.
197
Let w(y) = 6*y**2 + 17*y + 50. Let u be w(-18). Suppose 5*s + 2*x = 454 + 3737, u = 2*s - 5*x. What are the prime factors of s?
839
Suppose 101*x - 10887 - 8202 = 0. What are the prime factors of x?
3, 7
Let l = -3472 - -4866. List the prime factors of l.
2, 17, 41
Suppose 267*h - 3 = 266*h. Suppose -5*c + 4*y = h*y - 3709, 4*y - 3714 = -5*c. What are the prime factors of c?
2, 7, 53
Suppose -8*i = 49 + 7. Let n = -1 + i. What are the prime factors of (-5)/((-31)/(-51) - n/(-12))?
5, 17
Let y(v) be the third derivative of -1/8*v**4 + 2/3*v**3 + 15*v**2 - 1/30*v**5 + 0 + 3/40*v**6 + 0*v. List the prime factors of y(2).
2, 31
Suppose 0 = w - 4*w + w. Suppose w = -5*t + 2*n + 14, -t = 4*t + 4*n - 2. Suppose 0 = 5*x - 2*c - 79, -2*x + 62 = t*x - 2*c. What are the prime factors of x?
17
Suppose -3*w = 5*r - 2309, 2*r - r = 3*w + 451. Suppose 2*m + 76 = r. Suppose -10*s - m = -13*s. What are the prime factors of s?
2
Let j(r) = r**3 - 2*r**2 - 5*r. Let t(y) = y**2 - 13*y - 26. Suppose -n = -4*n + 45. Let o be t(n). List the prime factors of j(o).
2, 3
Suppose -591 = -3*v - 3*j, 413 = 3*v + 2*j - 173. Suppose -316 + 44 = -4*b. Let h = v - b. List the prime factors of h.
2, 31
Let v = 14 - 28. Let i be (-4)/v + 6252/(-28) + 3. Let l = -147 - i. List the prime factors of l.
73
Let l(w) be the second derivative of 4*w**4/3 - 20*w**2 + w + 107. What are the prime factors of l(9)?
2, 157
Suppose 37 = 5*f + 7. What are the prime factors of (20/f)/(1/93)?
2, 5, 31
Suppose q - 916 = 3*p, 23*q - 3579 = 19*q - 5*p. Suppose -47 = -j + q. List the prime factors of j.
2, 3, 79
Let h = -9133 + 13519. What are the prime factors of h?
2, 3, 17, 43
Let v = 22534 - 13489. List the prime factors of v.
3, 5, 67
Let m(f) = 1555*f**2 - 3*f - 3. Let j be m(-1). Suppose -3*b + j = 5*n, 0 = 8*b - 5*b - 15. What are the prime factors of n?
2, 7, 11
Let y(q) = q + 46. Let s be y(14). Let u = 134 + s. What are the prime factors of u?
2, 97
Let p be 14/(-35) - 1/(10/(-94)). Suppose -15*h + 234 = -p*h. What are the prime factors of h?
3, 13
Let d = -570 - -3351. What are the prime factors of d?
3, 103
Suppose -46 = 2*g + 110. Let v = 313 - g. List the prime factors of v.
17, 23
Suppose n + 4*m = 1696, -2*m - 2440 = -2*n + 912. Suppose 0 = -6*h + h + n. Suppose -3*g + 6*g - h = 0. List the prime factors of g.
2, 7
Suppose 72 = 145*x - 137*x. Suppose 0*z + 7416 = x*z. List the prime factors of z.
2, 103
Suppose 38*f = 59453 + 52761. What are the prime factors of f?
2953
Suppose 10*p + 5 + 15 = 0. List the prime factors of ((-1 - p) + 4)*1002/10.
3, 167
Let a(j) = -2*j**3 + 2*j**2 + 9*j - 5. Let x(l) = -7*l**3 + 7*l**2 + 38*l - 21. Let n(o) = 9*a(o) - 2*x(o). What are the prime factors of n(-3)?
2, 3, 7
Suppose i = 3 + 1, -3*a + 5*i = 20. Suppose a = -24*y + 2623 + 3857. What are the prime factors of y?
2, 3, 5
Suppose -38*p = -33*p. Suppose 2*c + 5*j - 335 = p, -5*c - 3*j - 631 = -9*c. List the prime factors of c.
2, 5
Suppose -b = -3*f + 59552, -3*b + 28888 + 70356 = 5*f. Suppose 25*m = f - 3450. List the prime factors of m.
2, 41
Let q(k) = -k**3 + 9*k**2 + 21*k + 18. Let w be q(11). Suppose -5*u - 16 = -3*b, -3*b - b + u - w = 0. List the prime factors of -4*b/6*16.
2
Let y = 8997 + -2320. List the prime factors of y.
11, 607
Let q(g) = 8*g - 49. Let m be q(6). Let d be -3*(-3)/(-6)*2. What are the prime factors of (-4 - d)*29*m?
29
Let c(g) = -9 + g**2 + 298*g**3 - 2*g + 4*g + g + 5*g + 246*g**3. What are the prime factors of c(1)?
2, 17
Suppose 6*j + 527 = -625. List the prime factors of (-72)/j - (-2138)/16.
2, 67
Let k = -25 + 27. Suppose -k*d - 3*d - 148 = -u, -4*u + 626 = -3*d. List the prime factors of u*1*(-7)/(-14).
79
Suppose 5022 + 60908 = k - 3*m, k - 4*m = 65934. What are the prime factors of k?
2, 23, 1433
Let y = 355 + -359. Let l(p) = -5*p + p**2 - 2*p**2 + 8*p**2 + p**2. What are the prime factors of l(y)?
2, 37
Let k(u) = u**3 + 3*u**2 - 50*u + 387. What are the prime factors of k(12)?
3, 11, 59
Let p = -55293 - -94895. What are the prime factors of p?
2, 19801
Let d = 23 + -91. List the prime factors of (-772)/5*170/d.
2, 193
Suppose -6*a + 0*a + 870 = 0. Suppose 4*c = 4*d - a + 57, 2*d - 5*c = 35. Suppose 0 = -s + 31 - d. What are the prime factors of s?
2, 3
Suppose 6*f - 28 = 2*f - 5*h, 0 = -5*f + 4*h + 35. Suppose -4*z + 1874 = x, f*z - 2*x = 8*z - 465. What are the prime factors of z?
7, 67
Let o = -232 - -232. Suppose o = 10*v - 15*v + 1135. List the prime factors of v.
227
Suppose -i + 3799 = 5*n, -5*i + 272*n = 273*n - 18899. What are the prime factors of i?
3779
Let j(n) = -n + 21. Let x(d) = -1. Let r(z) = j(z) + 4*x(z). Let c be r(7). Suppose -3*l - 32 = -w, -w - c + 43 = -4*l. What are the prime factors of w?
29
Suppose 64*d = 65*d - 133. Let u = d - 42. Suppose -g + 5*z + 71 = 0, -4*g + u = -3*g + 5*z. List the prime factors of g.
3
List the prime factors of ((-41006)/2 - (-6 - -4))*(-114)/57.
2, 13, 19, 83
Suppose -2*i = -a + 12, i + 68 = 4*a - 3*i. Let j = a + 24. List the prime factors of j + 6/(-5)*(-15)/6.
7
Let h = 12566 + 8122. List the prime factors of h.
2, 3, 431
Let b(h) = -356*h + 639. List the prime factors of b(-120).
3, 97, 149
What are the prime factors of 3598 + ((-8)/(-14))/(80/(-840))?
2, 449
Let q = 107 - 135. Let d(l) = -19*l - 72. List the prime factors of d(q).
2, 5, 23
Let z be (6/12)/((-3)/(-6)). Let n be (z + 45)*(-126)/(-36). Suppose 3*b = 5*o + 117, -6*b - 3*o + n = -b. What are the prime factors of b?
2, 17
What are the prime factors of (45892/16)/(((-3)/(-20))/3)?
5, 7, 11, 149
Let r be ((-1)/(-2)*-2)/(1/(-2)). Suppose 0 = 4*s - m - 1108, -r*m - 1585 = -4*s - 481. List the prime factors of s.
2, 139
Let n be -2 + (-20)/3*-15. Let v = -526 + 519. Let o = n - v. What are the prime factors of o?
3, 5, 7
Suppose 0 = -2*y + u - 144, 5*u - 34 = 3*y + 189. Let f = y - -105. List the prime factors of (f/(-3))/((-1)/2)*3.
2, 17
Let k be